 - 46. Calculate g(r).
2
Let v(b) = -b**2 - 10*b - 6. Suppose -2 = 4*f + 2*w, -2*w + 18 = 4*f - 4*w. Suppose 4*q + 1 = -y, -2*y + f*q - 3*q - 16 = 0. Calculate v(y).
3
Let q(o) = -o**2 - 2*o. Let p(u) = u**3 + 26*u**2 + 24*u - 26. Let m = 42 - 67. Let a be p(m). Calculate q(a).
1
Let h = -228 + 228. Suppose -l + 0 + 3 = 0. Let g(j) = -16*j**2 + 2*j**l - 13 - 3*j**3 - j + 32*j**2 - 17*j**2. What is g(h)?
-13
Let d(r) = -r**2 - 2*r - 10. Let x be 1*8*((-24)/(-112))/((-6)/14). What is d(x)?
-18
Let w(d) be the first derivative of -d**2/2 - 6*d + 13592. Suppose -8 = -3*y + 10. Determine w(y).
-12
Let w(h) = -h**2 + 10*h - 31. Let g(u) = -u**2 - u + 17. Let z(o) = -2*g(o) - w(o). Give z(5).
32
Let o(w) = 2*w**3 - w**2 - 4*w - 10. Suppose 2*r = -3*j + 18, 10*r + 7*j = 12*j + 10. What is o(r)?
23
Suppose 3*x + 2*x = k + 3, -3*k + 2*x + 4 = 0. Let i(n) = 12 - n - k*n + 4*n. Let a(g) = -10*g - 100. Let y be a(-9). Give i(y).
2
Suppose 9*t = 23*t - 406. Suppose t*z = 37*z + 8. Let u(o) = -13*o**3 - 2*o**2 - o. What is u(z)?
12
Let t(i) = -44*i - 4. Let f(y) = -3*y**2 + 15*y + 109. Let c be f(-4). What is t(c)?
-48
Let m(i) = i + 1. Suppose -7*b = 16*b - 230. Suppose z - 10 = -2*y, z + 2*y = -z + b. Calculate m(z).
1
Let w(t) = -24. Let c(y) = -y + 17. Let g(n) = -5*c(n) - 3*w(n). Determine g(3).
2
Let f(q) = 5*q**3 + 18*q + 17. Let d(o) = 12*o**3 - 4*o**2 + 37*o + 35. Let r(h) = 2*d(h) - 5*f(h). Give r(-6).
9
Let y(m) = -8*m**2 - 24*m + 15. Let t(j) be the second derivative of -j**4/6 - 7*j**3/6 + 2*j**2 - 127*j. Let b(u) = -9*t(u) + 2*y(u). What is b(-8)?
2
Suppose -10 = 10*q - 5*q. Let y be (q/(-5) + (-6)/15)*1. Let g(j) = -12*j**2 + j**3 + 6 + 13*j**2 - 2*j + y*j - 8*j**2. What is g(7)?
-8
Let h(r) = 2586*r + 4 + 2672*r - 5256*r. Let c be (-3 + -3)*(0 + 1). Determine h(c).
-8
Suppose 0 = -76*u + 52*u + 72. Let j(f) = -1613*f**u - 1610*f**3 - 2 - 10*f**2 - 2*f + 3221*f**3 + 4*f**2. Give j(-4).
38
Let t be 3/(45/(-20) + 3). Let m(u) = u**2 + 4*u - 5. Let d be m(2). Let l(j) = 29 + d*j + 2*j**2 - 4*j**3 + 3*j**3 - 34. Give l(t).
-9
Let q(f) = 10*f**2 + 2. Let b be q(-2). Let p be (112/12)/(-14)*b/4. Let a(v) = -v**3 - 6*v**2 + 8*v + 6. Determine a(p).
-1
Let y(n) = n**3 + 3*n**2 - 7*n - 18. Let q be y(-4). Let b(z) = -5*z - 21. What is b(q)?
9
Let s(x) = x. Let t(y) = -5*y - 8. Let u(m) = -6*s(m) - t(m). Let c = -26 + 59. Suppose -c = 5*n + 7. What is u(n)?
16
Suppose -105*d - 4 = -107*d. Let a(y) = 1 - 4*y + 8*y**2 - 4 + 4 + d. Determine a(2).
27
Let o(p) = -p**2 - p + 2. Let b(i) = -i**3 + 6*i**2 + 6*i + 12. Let l(q) = b(q) - 5*o(q). Let v be (-30)/18*16/(-20)*9. Determine l(v).
-10
Let v(d) be the first derivative of 16*d**3/3 - d**2/2 - d + 1666. Determine v(-1).
16
Let c(s) = 4*s**2 - 2*s. Let r(v) = v**3 - 2*v**2 + v - 4. Let w(h) = -3*h - 39. Let l be w(-14). Let b be r(l). Suppose -91*i = -87*i - b. Give c(i).
12
Let c(r) be the third derivative of -7*r**4/24 + r**3/2 - 906*r**2. Calculate c(-7).
52
Let f(j) = 3*j**2 + 48 - 13 - 4*j**2 - 27. Calculate f(-3).
-1
Let s(k) = -9620*k + 52. Let t(c) = 39*c. Let w(q) = -s(q) - 247*t(q). Give w(-5).
13
Let q(r) be the second derivative of -49*r**6/360 - r**5/120 + r**4/24 - 263*r**3/6 + 188*r. Let c(h) be the second derivative of q(h). Calculate c(1).
-49
Let d(u) = 4*u**3 - 3*u**2 + u + 1. Suppose -20 - 70 = 30*q. Give d(q).
-137
Let a(z) = -14*z + 53. Let k(p) = -19*p + 54. Let y(j) = -3*a(j) + 2*k(j). Determine y(6).
-27
Let s(l) = -l**2 - 73*l - 987. Let i be s(-18). Let b(c) = -4*c**2 + c**3 + c**2 - c + 0*c**2 - 4. What is b(i)?
-7
Let b(x) = 85*x**2 - 84*x**2 - 23600*x + 23623*x + 27. Give b(-22).
5
Let p(b) = 59*b - 181. Let l = 4091 - 4088. Determine p(l).
-4
Let s(x) = -237*x + 953. Suppose 0 = 13*g - 271 + 219. Determine s(g).
5
Suppose 813*t - 1 = y + 812*t, 4*y = 2*t + 2. Let v(x) = x**3 - 5*x**2 + x - 1. Calculate v(y).
-11
Let s be (0*(-5)/(-30))/1. Let o(r) = s*r - 3*r + r**3 - 3*r + 1 + 5*r**2 - 2*r**3. Determine o(4).
-7
Let q(w) be the second derivative of -5*w**3/6 - 63*w**2 + 20*w + 2. What is q(-25)?
-1
Let l(j) = -2*j**2 - 5*j + 9. Suppose 0 = 2619*z - 2606*z + 65. Calculate l(z).
-16
Let b be (-1)/(-4)*(-26 + -2). Let s(d) = -d**3 - 5*d**2 + 18*d + 7. Determine s(b).
-21
Suppose 6*s + 16 = -2*s. Let g(t) be the second derivative of -4/3*t**3 - 10*t + 0 - 1/2*t**2. What is g(s)?
15
Suppose 2*d - 4*d - 20 = 0. Let r(y) be the second derivative of 2*y**3/3 + 15*y**2/2 + 818*y. Calculate r(d).
-25
Let u(p) = -3*p**3 + 21*p**2 - 9*p + 9. Let y = 861 - 866. Let m(x) = 2*x**3 - 11*x**2 + 5*x - 5. Let b(z) = y*m(z) - 3*u(z). Give b(-8).
-18
Suppose -17*m - 17*m = 238. Let f(c) be the first derivative of c**2/2 + 11*c - 1. Let k be f(m). Let q(a) = -a**3 + 3*a**2 + 4*a + 4. Give q(k).
4
Suppose -n + v + 3*v = 22, -4*v = -2*n - 28. Let m(b) = -6*b**3 + b**2 + 10*b - 12. Let g(k) = -k**3 + k**2 + k - 1. Let z(i) = -5*g(i) + m(i). Calculate z(n).
35
Let d(q) = -1869*q**2 - 2 - 1904*q**2 + 3772*q**2 + 3*q. Let o(j) = 2*j. Let c be o(1). Suppose -5*z + 19 = 2*v - 1, c*v + 8 = 2*z. Give d(z).
-6
Let m(j) = j - 9. Let y = -38 + -23. Let i = 101 + y. Suppose -p - 4*p = -i. Determine m(p).
-1
Suppose 5*a = 4*h + 63 - 37, 4*h + 16 = 0. Let b(y) be the second derivative of -y**4/4 + y**3/2 - y**2 - 14*y - 2. Determine b(a).
-8
Let k(r) be the first derivative of r**2 + r - 4. Let b(a) = -29 + a + a - 7*a + 2*a + 27. Let x(p) = -3*b(p) - 4*k(p). Determine x(-6).
-4
Let o(r) = r**2 + 2*r - 1. Let b(k) = 2*k**2 + 6*k - 2. Let p(x) = -b(x) + 3*o(x). Let c(g) = g - 2. Let u be c(6). Suppose 0 = -8*n + u*n. Give p(n).
-1
Suppose -5*k = -6*w + 2*w + 34, 0 = -4*k - 5*w - 19. Let p(d) = -5. Let l(n) = n - 15. Let s(o) = l(o) - 3*p(o). What is s(k)?
-6
Let h(o) = -o - 3. Let x be 68/(-11) + (-22)/(-121). Let p = x + 2. Let l be 3/(-2 - 6/p). Determine h(l).
3
Suppose 173 = r + 5*t, 2*r - 13*t + 8*t - 391 = 0. Let x be (25/(-50))/((-1)/r). Suppose x*f = 98*f + 4. Let n(w) = 27*w**2 + w. What is n(f)?
26
Let r(m) = 2*m - 129. Let o(b) = -b + 71. Let q(s) = 11*o(s) + 6*r(s). Give q(0).
7
Let u(a) = a**2 + 3*a - 4. Let r(w) = -w**3 - 6 + 0*w**2 + 6*w - 11 - 5*w + 13*w**2. Let f be r(13). Calculate u(f).
0
Let f(y) be the first derivative of y**4/4 + y**3 - 3*y**2/2 - 4*y - 1054. Let x = 12 + -15. Give f(x).
5
Let k = 36 + -34. Let f(c) = -5*c**2 - c + k*c + 3*c**2. Let w be (-1 - 2) + 1 + 3. Calculate f(w).
-1
Let a(z) be the first derivative of -z**2 - z + 1/4*z**4 + 35 + 0*z**3. Determine a(-3).
-22
Let n(v) = -v - 6. Let h = -75 - -101. Suppose 21*r - 25 = h*r. Give n(r).
-1
Let w be 13/13 - 1/(-1). Suppose -y = 3*o - w, 0 = 5*y - 6 - 4. Let n(c) = -5*c + o*c - 14*c**2 + 4*c. Determine n(1).
-15
Let v(t) = 0*t - 27*t - t**2 - 2*t + 2 + 29*t. Give v(-4).
-14
Suppose 3*p - 3*c = 168, 4*p = -c - 48 + 247. Let j(y) = 7*y - p - 6*y + 49. Determine j(7).
5
Let z(i) be the first derivative of 7*i**4/4 - 2*i**3/3 + 3*i + 8445. Determine z(-2).
-61
Let y(v) be the third derivative of 31*v**4/24 - 5*v**3/6 + 1713*v**2. Give y(2).
57
Suppose 0 = -3*b - 2*b - a + 1533, 5*b = 5*a + 1545. Let u(t) = 2*t - 302 + 608 - b. Let l(h) = 4*h + 7. Let v be l(-2). What is u(v)?
-3
Suppose -3*m = -3*y, 26*m = 24*m + 5*y + 15. Let w(h) = -21*h - 54. What is w(m)?
51
Let s(u) = 173 + 90 + 40 + 23*u - 125. Calculate s(-8).
-6
Let h(l) be the third derivative of -19/60*l**5 - 2*l - 1/120*l**6 - 19/6*l**3 - 1/24*l**4 + 0 - 125*l**2. Give h(-19).
0
Let f be 1/(-4) - (-329)/(-28). Let w be f/2 - (4 - 7). Let g(d) = -9*d + 4 - d + d**2 + 8*d + 4*d. What is g(w)?
7
Let r(h) be the first derivative of -2*h**2 + 19*h + 7509. Give r(28).
-93
Let v(y) = -9*y + 220. Suppose -u - 21 = -5*h, 4*h - 912 = 4*u - 972. Determine v(u).
4
Let h(p) = 2*p**2 - 4*p. Suppose -3*i - 2 = -2*i - 3*m, -i - 3*m + 10 = 0. Suppose 11 = 3*c + 3*g + 8, -i*g - 20 = -4*c. What is h(c)?
6
Suppose 333 = 20*f + 14*f + 3*f. Let s(u) = 43*u - 377. Give s(f).
10
Let j(c) = c + 23. Let a(b) = b**2 + 3*b - 10. Let p be 70/(-12) + 10/12. Let v be a(p). Give j(v).
23
Let s(f) be the first derivative of -1/3*f**3 - 11/2*f**2 + 162 - f. Calculate s(-11).
-1
Let o(h) = 7 - 154*h + 216*h - 8*h**2 + h**3 - 74*h. Determine o(9).
-20
Let q(y) = 14*y - 78. Let x be q(7). Suppose -4*